ed by 356.
167
What is the remainder when 34732 is divided by 21?
19
Calculate the remainder when 33461 is divided by 27.
8
Calculate the remainder when 417135 is divided by 248.
247
What is the remainder when 15985 is divided by 5328?
1
What is the remainder when 3400 is divided by 329?
110
Calculate the remainder when 3903 is divided by 53.
34
Calculate the remainder when 4521 is divided by 266.
265
Calculate the remainder when 1702 is divided by 156.
142
Calculate the remainder when 32052 is divided by 14.
6
Calculate the remainder when 13335 is divided by 117.
114
What is the remainder when 12697 is divided by 2110?
37
What is the remainder when 159 is divided by 10?
9
What is the remainder when 1209 is divided by 1095?
114
What is the remainder when 133387 is divided by 1404?
7
Calculate the remainder when 35085 is divided by 3.
0
What is the remainder when 9711 is divided by 8?
7
Calculate the remainder when 2800 is divided by 2696.
104
Calculate the remainder when 233869 is divided by 125.
119
What is the remainder when 1144683 is divided by 157?
153
Calculate the remainder when 1582 is divided by 670.
242
What is the remainder when 27149 is divided by 4523?
11
Calculate the remainder when 3999 is divided by 443.
12
Calculate the remainder when 18746 is divided by 848.
90
What is the remainder when 59543 is divided by 9?
8
What is the remainder when 4487087 is divided by 8?
7
What is the remainder when 58149 is divided by 50?
49
What is the remainder when 1224 is divided by 1130?
94
What is the remainder when 49206 is divided by 370?
366
What is the remainder when 30590 is divided by 651?
644
Calculate the remainder when 3080 is divided by 1012.
44
Calculate the remainder when 134083 is divided by 6704.
3
Calculate the remainder when 23058 is divided by 35.
28
Calculate the remainder when 1251702 is divided by 735.
732
What is the remainder when 1050 is divided by 295?
165
Calculate the remainder when 3899 is divided by 735.
224
What is the remainder when 97234 is divided by 97212?
22
Calculate the remainder when 1522 is divided by 271.
167
Calculate the remainder when 115916 is divided by 138.
134
What is the remainder when 19402 is divided by 4837?
54
Calculate the remainder when 665260 is divided by 370.
0
What is the remainder when 194307 is divided by 6700?
7
What is the remainder when 24562 is divided by 19?
14
What is the remainder when 98413 is divided by 49197?
19
What is the remainder when 864854 is divided by 216211?
10
Calculate the remainder when 67894 is divided by 138.
136
What is the remainder when 286312 is divided by 34?
32
What is the remainder when 1038960 is divided by 289?
5
Calculate the remainder when 48067 is divided by 788.
787
Calculate the remainder when 1838119 is divided by 105.
94
Calculate the remainder when 8622 is divided by 11.
9
Calculate the remainder when 6395 is divided by 188.
3
What is the remainder when 814 is divided by 344?
126
What is the remainder when 43345 is divided by 3095?
15
Calculate the remainder when 2020120 is divided by 49.
46
What is the remainder when 10040 is divided by 3272?
224
Calculate the remainder when 32672 is divided by 1251.
146
What is the remainder when 7374 is divided by 818?
12
Calculate the remainder when 7983 is divided by 383.
323
What is the remainder when 295658 is divided by 1197?
1196
What is the remainder when 11852 is divided by 64?
12
What is the remainder when 55900 is divided by 66?
64
What is the remainder when 112458 is divided by 18?
12
What is the remainder when 551045 is divided by 9184?
5
Calculate the remainder when 39994 is divided by 99.
97
What is the remainder when 1243 is divided by 64?
27
Calculate the remainder when 6293 is divided by 379.
229
What is the remainder when 2268 is divided by 90?
18
What is the remainder when 583 is divided by 205?
173
What is the remainder when 7479 is divided by 128?
55
What is the remainder when 142 is divided by 36?
34
Calculate the remainder when 439 is divided by 127.
58
Calculate the remainder when 3434 is divided by 55.
24
What is the remainder when 242343 is divided by 262?
255
What is the remainder when 954158 is divided by 99?
95
What is the remainder when 12121897 is divided by 35?
32
What is the remainder when 60413 is divided by 1229?
192
What is the remainder when 5684 is divided by 190?
174
What is the remainder when 2610821 is divided by 18?
11
Calculate the remainder when 3169 is divided by 20.
9
Calculate the remainder when 2653 is divided by 823.
184
Calculate the remainder when 5373 is divided by 668.
29
What is the remainder when 16779 is divided by 244?
187
What is the remainder when 3981 is divided by 172?
25
What is the remainder when 1212437 is divided by 8?
5
Calculate the remainder when 694077 is divided by 46271.
12
Calculate the remainder when 7658 is divided by 130.
118
What is the remainder when 36951 is divided by 247?
148
Calculate the remainder when 1449 is divided by 406.
231
What is the remainder when 289623 is divided by 358?
1
Calculate the remainder when 4450 is divided by 1343.
421
What is the remainder when 9013 is divided by 450?
13
Calculate the remainder when 772442 is divided by 95.
92
Calculate the remainder when 2604 is divided by 326.
322
What is the remainder when 5671 is divided by 1877?
40
Calculate the remainder when 34719 is divided by 72.
15
What is the remainder when 52549 is divided by 74?
9
What is the remainder when 44445 is divided by 8?
5
What is the remainder when 4467 is divided by 1097?
79
Calculate the remainder when 4323 is divided by 1435.
18
Calculate the remainder when 140462 is divided by 1824.
14
Calculate the remainder when 2239 is divided by 2134.
105
What is the remainder when 2385269 is divided by 49?
47
Calculate the remainder when 1026 is divided by 26.
12
What is the remainder when 16306 is divided by 38?
4
What is the remainder when 27494 is divided by 1281?
593
Calculate the remainder when 880950 is divided by 293649.
3
Calculate the remainder when 418 is divided by 211.
207
Calculate the remainder when 27426 is divided by 26.
22
What is the remainder when 16586 is divided by 96?
74
Calculate the remainder when 745 is divided by 225.
70
Calculate the remainder when 4471 is divided by 121.
115
What is the remainder when 9545 is divided by 28?
25
Calculate the remainder when 5539 is divided by 318.
133
Calculate the remainder when 3402 is divided by 29.
9
Calculate the remainder when 4642 is divided by 1156.
18
Calculate the remainder when 2369 is divided by 297.
290
What is the remainder when 240711 is divided by 258?
255
Calculate the remainder when 149304 is divided by 192.
120
Calculate the remainder when 231961 is divided by 85.
81
What is the remainder when 70881 is divided by 14?
13
What is the remainder when 30961 is divided by 10315?
16
What is the remainder when 6795 is divided by 1315?
220
What is the remainder when 29813 is divided by 710?
703
What is the remainder when 13175 is divided by 38?
27
What is the remainder when 2313 is divided by 644?
381
Calculate the remainder when 64647 is divided by 3580.
207
Calculate the remainder when 1050496 is divided by 350150.
46
What is the remainder when 1281 is divided by 375?
156
What is the remainder when 797038 is divided by 6871?
2
Calculate the remainder when 40733 is divided by 84.
77
What is the remainder when 15638 is divided by 193?
5
Calculate the remainder when 757247 is divided by 29.
28
Calculate the remainder when 4520 is divided by 187.
32
Calculate the remainder when 5389 is divided by 490.
489
Calculate the remainder when 18326 is divided by 1018.
2
What is the remainder when 173875 is divided by 414?
409
What is the remainder when 19029 is divided by 144?
21
What is the remainder when 5613 is divided by 14?
13
What is the remainder when 1667 is divided by 23?
11
What is the remainder when 2668 is divided by 1049?
570
Calculate the remainder when 34844 is divided by 11602.
38
Calculate the remainder when 2075629 is divided by 884.
881
What is the remainder when 61619 is divided by 22?
19
What is the remainder when 6740 is divided by 6686?
54
What is the remainder when 8983 is divided by 2204?
167
Calculate the remainder when 73966 is divided by 76.
18
What i